{"id":1698,"date":"2020-10-28T19:44:08","date_gmt":"2020-10-28T19:44:08","guid":{"rendered":"https:\/\/ngouwenberg.nl\/?page_id=1698"},"modified":"2022-12-19T10:31:51","modified_gmt":"2022-12-19T10:31:51","slug":"kerstretraite-2020","status":"publish","type":"page","link":"https:\/\/ngouwenberg.nl\/?page_id=1698","title":{"rendered":"Kerstretraite 2020"},"content":{"rendered":"\n<p><strong>De kerstretraite <em>Een cursus in wonderen<\/em> op Sablou gaat door&#8230;. online!<\/strong><br><em>Maandag 21 tot en met donderdag 24 december 2020<\/em><br><br>Deze bijeenkomsten hebben inmiddels plaatsgevonden, en we hebben met elkaar 4 bijzondere ochtenden meegemaakt. <\/p>\n\n\n\n<p><strong>Kerstmis als het eind van offers<\/strong><br>Enkele gebruikte citaten uit de cursus:<\/p>\n\n\n\n<p>Het teken van Kerstmis is een ster, een licht in de duisternis. Zie het niet buiten jezelf, maar stralend in de Hemel van binnen, en neem het aan als het teken dat de tijd van Christus is gekomen. Hij komt en stelt geen eisen. Hij vraagt geen enkel offer, in welke vorm en van wie ook. (T15.XI.2:1-4)<\/p>\n\n\n\n<figure class=\"wp-block-image size-large is-resized\"><img loading=\"lazy\" decoding=\"async\" src=\"https:\/\/ngouwenberg.nl\/wp-content\/uploads\/2020\/10\/Sablou-kapel_02-300x200-1.jpg\" alt=\"\" class=\"wp-image-1699\" width=\"300\" height=\"200\"\/><\/figure>\n\n\n\n<p>Geef deze Kerstmis de Heilige Geest alles wat jou pijn zou doen. Laat jezelf totaal genezen, opdat jij samen met Hem anderen mag genezen, en laten we samen onze bevrijding vieren door iedereen met ons te bevrijden. (T15.XI.3:1-2)<\/p>\n\n\n\n<p>Het ligt in jouw vermogen deze tijd van het jaar heilig te maken, omdat het in je vermogen ligt te zorgen dat de tijd van Christus n\u00fa is. Het is mogelijk dit allemaal in \u00e9\u00e9n keer te doen omdat er maar \u00e9\u00e9n omslag in je waarneming nodig is, want je hebt maar \u00e9\u00e9n vergissing begaan. Het lijken er vele, maar het is almaar dezelfde. Want ook al neemt het ego vele vormen aan, het is altijd hetzelfde idee. Wat geen liefde is, is altijd angst, en niets anders. (T15.X.4)<\/p>\n\n\n\n<figure class=\"wp-block-image size-large is-resized\"><img loading=\"lazy\" decoding=\"async\" src=\"https:\/\/ngouwenberg.nl\/wp-content\/uploads\/2020\/12\/IMG-20201222-WA0003-1024x768.jpg\" alt=\"\" class=\"wp-image-1750\" width=\"216\" height=\"162\" srcset=\"https:\/\/ngouwenberg.nl\/wp-content\/uploads\/2020\/12\/IMG-20201222-WA0003-1024x768.jpg 1024w, https:\/\/ngouwenberg.nl\/wp-content\/uploads\/2020\/12\/IMG-20201222-WA0003-300x225.jpg 300w, https:\/\/ngouwenberg.nl\/wp-content\/uploads\/2020\/12\/IMG-20201222-WA0003-768x576.jpg 768w, https:\/\/ngouwenberg.nl\/wp-content\/uploads\/2020\/12\/IMG-20201222-WA0003-1536x1153.jpg 1536w, https:\/\/ngouwenberg.nl\/wp-content\/uploads\/2020\/12\/IMG-20201222-WA0003.jpg 1599w\" sizes=\"auto, (max-width: 216px) 100vw, 216px\" \/><\/figure>\n\n\n\n<p>Laat geen wanhoop de vreugde van Kerstmis verduisteren, want zonder vreugde heeft de tijd van Christus geen betekenis. Laten we gezamenlijk vrede vieren door van niemand een offer te eisen, want zo schenk jij mij de liefde die ik jou schenk. (T15.XI.8:1-2)<\/p>\n\n\n\n<p><\/p>\n","protected":false},"excerpt":{"rendered":"De kerstretraite Een cursus in wonderen op Sablou gaat door&#8230;. online!Maandag 21 tot en met donderdag 24 december 2020 Deze bijeenkomsten hebben inmiddels plaatsgevonden, en we hebben met elkaar 4 bijzondere ochtenden meegemaakt. Kerstmis als het eind van offersEnkele gebruikte citaten uit de cursus: Het teken van Kerstmis is een ster, een licht in de duisternis. Zie het niet buiten jezelf, maar stralend in de Hemel van binnen, en neem het aan als het teken dat de tijd van Christus is gekomen. Hij komt en stelt geen eisen. Hij vraagt geen enkel offer, in welke vorm en van wie ook. (T15.XI.2:1-4) Geef deze Kerstmis de Heilige Geest alles wat jou pijn zou doen. Laat jezelf totaal genezen, opdat jij samen met Hem anderen mag genezen, en laten we samen onze bevrijding vieren door iedereen met ons te bevrijden. (T15.XI.3:1-2) Het ligt in jouw vermogen deze tijd van het jaar heilig te maken, omdat het in je vermogen ligt te zorgen dat de tijd van Christus n\u00fa is. Het is mogelijk dit allemaal in \u00e9\u00e9n keer te doen omdat er maar \u00e9\u00e9n omslag in je waarneming nodig is, want je hebt maar \u00e9\u00e9n vergissing begaan. Het lijken er vele, maar het is almaar dezelfde. Want ook al neemt het ego vele vormen aan, het is altijd hetzelfde idee. Wat geen liefde is, is altijd angst, en niets anders. (T15.X.4) Laat geen wanhoop de vreugde van Kerstmis verduisteren, want zonder vreugde heeft de tijd van Christus geen betekenis. Laten we gezamenlijk vrede vieren door van niemand een offer te eisen, want zo schenk jij mij de liefde die ik jou schenk. (T15.XI.8:1-2)","protected":false},"author":1,"featured_media":0,"parent":0,"menu_order":0,"comment_status":"closed","ping_status":"closed","template":"","meta":{"footnotes":""},"class_list":["post-1698","page","type-page","status-publish","hentry"],"_links":{"self":[{"href":"https:\/\/ngouwenberg.nl\/index.php?rest_route=\/wp\/v2\/pages\/1698","targetHints":{"allow":["GET"]}}],"collection":[{"href":"https:\/\/ngouwenberg.nl\/index.php?rest_route=\/wp\/v2\/pages"}],"about":[{"href":"https:\/\/ngouwenberg.nl\/index.php?rest_route=\/wp\/v2\/types\/page"}],"author":[{"embeddable":true,"href":"https:\/\/ngouwenberg.nl\/index.php?rest_route=\/wp\/v2\/users\/1"}],"replies":[{"embeddable":true,"href":"https:\/\/ngouwenberg.nl\/index.php?rest_route=%2Fwp%2Fv2%2Fcomments&post=1698"}],"version-history":[{"count":28,"href":"https:\/\/ngouwenberg.nl\/index.php?rest_route=\/wp\/v2\/pages\/1698\/revisions"}],"predecessor-version":[{"id":2566,"href":"https:\/\/ngouwenberg.nl\/index.php?rest_route=\/wp\/v2\/pages\/1698\/revisions\/2566"}],"wp:attachment":[{"href":"https:\/\/ngouwenberg.nl\/index.php?rest_route=%2Fwp%2Fv2%2Fmedia&parent=1698"}],"curies":[{"name":"wp","href":"https:\/\/api.w.org\/{rel}","templated":true}]}}